 the third derivative of a**7/840 + a**3/6 - 2*a**2. Let v(f) be the first derivative of g(f). Calculate v(0).
0
Let a(y) = 6*y + 3. Let v be -2 + 6*2/(-4). What is a(v)?
-27
Suppose -3 - 17 = 5*m. Let i be (0 + 2)*2/m. Let g(h) = 6*h - 4. Let p(s) = 6*s - 3. Let j(t) = 4*g(t) - 5*p(t). Determine j(i).
5
Suppose -5*y + 27 = -2*x, -4*y - 3*x + 40 = -0*x. Suppose -w = -5*r + 3*w + y, r = -2*w - 7. Let v(c) = c - 1. What is v(r)?
-2
Let m(j) = -2*j - 8. Let k = 4 - 10. What is m(k)?
4
Let v(r) = 2*r - 10. Let b(w) = -3*w + 20. Let u(g) = 3*b(g) + 5*v(g). Let p(d) = -1 - 10 - 3*d - d + 3*d. Let y(h) = 6*p(h) + 7*u(h). Determine y(-2).
2
Let p(k) = -k**3 + 6*k**2 + k - 1. Let c be p(6). Suppose 4*d + 6 + 17 = a, -5*a + 2*d + 25 = 0. Let h(f) = 1 - 2*f - 2*f**2 + a*f**2 - 7. Calculate h(c).
9
Let t(c) = c**2 - 2*c - 2. Let o(b) = b**2 + b - 9. Let k be o(-4). Suppose 5*f - 8 = k*f. Determine t(f).
6
Suppose 8 - 34 = 2*n + 5*f, -4*n + f - 8 = 0. Let c(d) = -d - 1. Let q(r) = -r**3 - 3*r - 5. Let l(g) = n*c(g) + q(g). Give l(-2).
6
Suppose -14 = -5*x - 4. Suppose -4*b - b = q - 18, x*q = -2*b + 12. Let c(i) = 4 - i - 3 + 4 + b. What is c(0)?
8
Let o be 9 + (0 - (4 - 2)). Let g(w) = w**3 - 8*w**2 + 6*w + 5. Let b be g(o). Let l(t) = -2*t**3 - 4*t**2 - 4*t - 3. Determine l(b).
5
Suppose u = -1 + 5. Let o(d) = 6*d - u*d**2 - d**3 + 4 + 4 + 0*d - 4. Calculate o(-5).
-1
Let j(k) = k**2 + 3*k - 2. Suppose -56 = -0*v - v. Suppose 6*s = 4*s - v. Let c be 6/9 + s/6. What is j(c)?
2
Let p(w) = -9*w**3 + w. Suppose -7 = -13*v + 6*v. Give p(v).
-8
Let q(g) be the first derivative of -g**3/3 + 5*g**2/2 + 6*g - 1. Suppose -a + 0*o + o = -4, -5*o + 10 = 0. Calculate q(a).
0
Let s(w) be the third derivative of w**7/840 - w**6/72 - 7*w**5/120 + w**4/12 + 2*w**3/3 + 3*w**2. Let y(t) be the first derivative of s(t). What is y(6)?
-4
Let b(c) be the third derivative of c**6/120 + 7*c**5/60 - 3*c**4/8 - 4*c**3/3 - 18*c**2. Determine b(-8).
0
Let s(r) be the first derivative of -r**4/4 + r**3 + 2*r - 7. Determine s(2).
6
Let r = 3 - -1. Suppose -r*b + 5*k - 28 = -0*b, -3*k = 5*b - 2. Let h(j) be the second derivative of j**4/12 + 2*j**3/3 + 3*j**2/2 - j. Give h(b).
-1
Let k = 7 + -4. Let f(l) = l - k*l + l**3 - l + 4 + 2*l**2. Let i(t) = t - 3. Let b be i(0). Determine f(b).
4
Let q be (-27)/(-6)*(-2)/(-3). Suppose -o + 7 = -q*g, -6 = 4*g - o + 3. Let s(f) be the third derivative of f**4/8 + f**3/3 + 15*f**2. What is s(g)?
-4
Suppose -2*v + 12 - 16 = 0. Let m(q) = q - 1. Determine m(v).
-3
Let v(p) be the second derivative of p**5/20 + p**4/3 + p**3/3 - p**2/2 + 2*p - 9. Give v(-3).
2
Let d(k) = -k**3 - 8*k**2 + 2. Let b be d(-8). Let f(g) = 2*g**2 - g - 1. Give f(b).
5
Let p(q) be the first derivative of q**4/4 + q**3/3 + q**2 - 4. Let n(j) = j**2 + 6*j + 3. Let b be n(-5). Give p(b).
-8
Let l(u) = -u**3 + u**2 + u + 3. Let a be l(0). Let p be 40/(-24)*(0 - a). Let j(x) = -x**2 + 6*x - 2. What is j(p)?
3
Let n(d) = 3*d**3 - 7*d**2 + 7*d + 7. Let m(t) = t**2 - t**3 - 4 - t + 3 + 0*t**3. Let j be 3 - ((-12)/(-1) + -3). Let s(a) = j*m(a) - n(a). Determine s(-1).
-2
Let d(w) = -2*w**2 + 21*w + 8. Let t be d(11). Let l(r) be the first derivative of r**2/2 + 2*r - 1. What is l(t)?
-1
Let n(f) = f**2 - 4*f - 3. Suppose q + l = 5*q - 17, 5*l + 9 = q. Determine n(q).
-3
Let h(c) be the first derivative of 0*c**2 + 2/3*c**3 + 9/4*c**4 - c + 4. Determine h(-1).
-8
Let k(t) be the third derivative of t**4/12 - t**3/6 - 31*t**2. Calculate k(1).
1
Let u(l) = -3*l**3 + 3*l**2 + 3. Let k(d) = -d**3 + d**2. Let x(r) = 2*k(r) - u(r). Determine x(0).
-3
Let k(j) = j - 3. Let b(u) = u. Let h be b(2). Let o be (-2 + 0)*h/(-4). Let p be o - (3 - 5) - -3. Calculate k(p).
3
Let k(h) = -3*h - 2. Let g be (-3)/(-6)*(1 - 1). Suppose -4*y + 4*s = g, y - 2 = -2*y + 4*s. Determine k(y).
4
Let c = -34 - -34. Let g(d) = -3 - 1 - 3 + d. Determine g(c).
-7
Let w(d) = 5*d**3 + 20*d**2 + 7*d + 11. Let a(v) = 3*v**3 + 13*v**2 + 5*v + 7. Let p(i) = 8*a(i) - 5*w(i). Give p(5).
1
Let g(c) = c**3 - 6*c**2 + 5*c + 7. Suppose 18 = -4*o + 62. Let z = -7 + o. Suppose -11 = 3*p + 4, 3*p = z*x - 35. Determine g(x).
7
Let x = 25/54 + 1/27. Let l(f) be the second derivative of -1/6*f**3 - f + 0 - 1/12*f**4 + x*f**2 - 2/5*f**5. Determine l(1).
-9
Let j(v) = v**2 + 3*v + 1. Let c(p) = 6*p**2 + 16*p + 6. Let r(y) = 3*c(y) - 16*j(y). Let m(n) = n + 1. Let l be m(1). Calculate r(l).
10
Let c(a) = 3*a**2 - 24*a - 2. Let k(s) = 3*s - 3*s - 8*s - 1 + s**2. Let y(p) = 6*c(p) - 17*k(p). Let o be (-5)/(2*3/(-24)*4). Calculate y(o).
-10
Let q(t) = t**2 - 1. Let h be 0*(-3 + 7/2). Calculate q(h).
-1
Let c be 1*15 + (0 - 2). Suppose -c - 2 = -5*g. Let m(y) = y - 1. Let o(l) = 7*l - 12. Let k(r) = -6*m(r) + o(r). Determine k(g).
-3
Let j(q) = -5*q**2 + 4*q - 1. Let z(m) = m**3 + m**2 - m - 1. Let k(x) = j(x) + z(x). Calculate k(3).
-2
Let w(n) = -5*n**2 - n. Let c be w(1). Let j(g) = g**3 + 5*g**2 - 7*g - 4. Determine j(c).
2
Let h(s) = 3*s + 54. Let n(m) = m + 18. Let v(j) = 3*h(j) - 8*n(j). Let w be v(-13). Let y(t) = t - 3. What is y(w)?
2
Let c(o) be the third derivative of -o**5/60 - o**4/4 + o**3/6 - 2*o**2. Let u = 38 - 43. Give c(u).
6
Suppose 3*a = 15, 4*z - 6 = 4*a + 6. Let p be z/10*(-6 - -1). Let h(g) be the first derivative of -g**2/2 - g - 13. Give h(p).
3
Let g(b) = -b**2 + 564*b - 565*b - 1 - 10. What is g(0)?
-11
Let y = -587 + 585. Let u(r) be the third derivative of r**6/60 - r**4/24 - r**3/3 - r**2. Determine u(y).
-16
Let x(k) = -5 + 4 + 2*k - 1 - 1. What is x(2)?
1
Let c(z) = z - 2. Suppose 0*m - 3*m = 18. Let b(x) = 2*x - 5. Let v(q) = m*b(q) + 13*c(q). Give v(5).
9
Suppose -3*h + 24 = 5*y + 8, -5*h - 3*y + 16 = 0. Let j(m) = -4 + h - 8 - m. Give j(0).
-10
Let h(t) = -t**2 + 5*t + 1. Suppose -5*w + 28 = 3*p + 4, 0 = 2*p + 4. Give h(w).
-5
Let r = -11 + 5. Let o be (r/4)/((-9)/(-24)). Let d(w) = -w - 2. Calculate d(o).
2
Suppose 0 = 3*y - g + 13, y + 7*g = 2*g - 31. Let t(r) be the second derivative of r**5/20 + 5*r**4/12 - 4*r**3/3 - 3*r**2 - r. What is t(y)?
6
Suppose 0 = 3*r + 6, 3*r - 8*r - 18 = -4*p. Let k(d) = p + 7 + 0*d + d. What is k(-7)?
2
Let w be (-2 - (-10)/4)*0. Let q = 1 + 4. Let c(n) = -2*n**2 + 4 - q*n + w*n**2 + n**2. Calculate c(-5).
4
Let l(d) = d**3 - 4*d**2 + 21*d - 5 + d**2 - 25*d. Suppose -2*y + 3*s + 43 = -2*s, -3*s - 79 = -5*y. Let i = y + -10. Give l(i).
-5
Let h(k) be the third derivative of k**4/24 + 8*k**2. Calculate h(1).
1
Let u(d) be the third derivative of d**5/60 + d**4/12 - d**3/2 + 2*d**2. What is u(-5)?
12
Let b(z) = -12*z - 15. Let v(w) be the third derivative of -w**4/24 - w**3/6 + w**2. Let k(t) = b(t) - 15*v(t). Let i be (-1 - 0)*(-3)/3. Determine k(i).
3
Let s be (-2)/(-3)*(-4 - -1). Let d = 6 + -6. Let o(t) = -3 + d - 2*t + 5 - 3. Calculate o(s).
3
Let g(k) = k**3 + 5*k**2 + 4*k. Let h be (-3 - 2)*(-2)/(-2). Let p(l) = -4*l + 2 + 3*l - 3*l - l**2. Let z be p(h). Calculate g(z).
6
Let h = 24 + -18. Let a(s) be the third derivative of 1/24*s**4 - s**2 + 1/120*s**h + 0 - s**3 + 0*s**5 + 0*s. Determine a(0).
-6
Let u(n) = 2*n**2 + 1 - n + 4*n**2 + n**2 + 4*n**2. Determine u(1).
11
Let c(p) = -4 + 455*p**2 + p**3 + 449*p**2 - 6*p - 901*p**2. Calculate c(-5).
-24
Suppose -5*x = z + 5, -6 = -5*z + 3*z - 2*x. Let n = 10 - z. Suppose -n*w + 6 = 16. Let f(l) = 3*l**2 + 3*l + 3. Give f(w).
9
Let v(k) = k**3 - 3*k**2 + 6*k - 3. Let g(p) = -2*p**3 + 4*p**2 - 7*p + 3. Let m(n) = 2*g(n) + 3*v(n). Give m(2).
-7
Let v(n) = 14*n + 17. Let m(u) = 5*u + 6. Let r(y) = -18*y**2 - 2*y - 1. Let d be r(-1). Let g = 19 - 13. Let z(q) = d*m(q) + g*v(q). Give z(1).
-1
Let t(a) = -2*a + 1. Let z = 6 + -4. Let k(y) = -4*y**3 + 2*y**3 + 3*y - 2*y**2 - z*y + 0*y**2. Let r be k(1). Determine t(r).
7
Let o be (-1 - -3 - -1) + -2. Let p(c) = c + 0*c - 5*c**2 + o + c**3 + 1. Determine p(5).
7
Let l = -3 - -4. Suppose 4*s + 3 = -4*h - l, 7 = h - s. Let p(y) be the third derivative of y**4/6 - y**3/2 + y**2. Give p(h).
9
Let q(u) = -u - 4. Let o(d) = 2 - 5*d - 3 + 4*d. Let l(h) = -2*o(h) + q(h). Give l(-2).
-4
Let b be 0 + (3 - 1) - 1. Let i(t) = b - 2*t + t**2 + 3 + 3 - 3. Give i(3).
7
Let f(y) = -9*y - 8*y**2 - 9 - 3 - 255*y**3 + 256*y**3 - y**2. What is f(10)?
-2
Suppose 0*h + 2*h - 10 = -x, -4*x - 